{"id":145,"date":"2025-06-06T13:53:46","date_gmt":"2025-06-06T11:53:46","guid":{"rendered":"https:\/\/kos-avocats.fr\/ameliecoeurbattantcorpspatient\/?page_id=145"},"modified":"2025-09-26T14:06:01","modified_gmt":"2025-09-26T12:06:01","slug":"arttherapie","status":"publish","type":"page","link":"https:\/\/kos-avocats.fr\/ameliecoeurbattantcorpspatient\/arttherapie\/","title":{"rendered":"Art-th\u00e9rapie"},"content":{"rendered":"<div class=\"wpb-content-wrapper\"><p>[vc_row][vc_column width=\u00a0\u00bb1\/3&Prime;][vc_hoverbox image=\u00a0\u00bb323&Prime; primary_title=\u00a0\u00bb\u00a0\u00bb hover_title=\u00a0\u00bb\u00a0\u00bb hover_background_color=\u00a0\u00bbcustom\u00a0\u00bb hover_btn_title=\u00a0\u00bbLire l&rsquo;article\u00a0\u00bb hover_btn_color=\u00a0\u00bbwhite\u00a0\u00bb hover_add_button=\u00a0\u00bbtrue\u00a0\u00bb hover_custom_background=\u00a0\u00bb#DFA248&Prime; hover_btn_link=\u00a0\u00bburl:https%3A%2F%2Fkos-avocats.fr%2Fameliecoeurbattantcorpspatient%2F2025%2F09%2F26%2F%F0%9F%8E%B6-un-mercredi-davril-entre-deux-mondes%2F\u00a0\u00bb][\/vc_hoverbox]<div id=\"ultimate-heading-689769f49b8b56228\" class=\"uvc-heading ult-adjust-bottom-margin ultimate-heading-689769f49b8b56228 uvc-1674 \" data-hspacer=\"no_spacer\"  data-halign=\"center\" style=\"text-align:center\"><div class=\"uvc-heading-spacer no_spacer\" style=\"top\"><\/div><div class=\"uvc-sub-heading ult-responsive\"  data-ultimate-target='.uvc-heading.ultimate-heading-689769f49b8b56228 .uvc-sub-heading '  data-responsive-json-new='{\"font-size\":\"\",\"line-height\":\"\"}'  style=\"font-weight:normal;\"><span style=\"font-size: 18px;\"><strong><span style=\"font-family: arial, helvetica, sans-serif;\">Un mercredi d&rsquo;avril entre deux mondes&#8230;<\/span><\/strong><\/span><\/div><\/div>[vc_empty_space][vc_hoverbox image=\u00a0\u00bb148&Prime; primary_title=\u00a0\u00bb\u00a0\u00bb hover_title=\u00a0\u00bb\u00a0\u00bb hover_background_color=\u00a0\u00bbcustom\u00a0\u00bb hover_btn_title=\u00a0\u00bbLire l&rsquo;article\u00a0\u00bb hover_btn_color=\u00a0\u00bbwhite\u00a0\u00bb hover_add_button=\u00a0\u00bbtrue\u00a0\u00bb hover_custom_background=\u00a0\u00bb#DFA248&Prime; hover_btn_link=\u00a0\u00bburl:https%3A%2F%2Fkos-avocats.fr%2Fameliecoeurbattantcorpspatient%2F2025%2F06%2F06%2Fquand-la-maladie-vous-freine-et-vous-montre-un-autre-chemin%2F\u00a0\u00bb][\/vc_hoverbox]<div id=\"ultimate-heading-107769f49b8b56258\" class=\"uvc-heading ult-adjust-bottom-margin ultimate-heading-107769f49b8b56258 uvc-7453 \" data-hspacer=\"no_spacer\"  data-halign=\"center\" style=\"text-align:center\"><div class=\"uvc-heading-spacer no_spacer\" style=\"top\"><\/div><div class=\"uvc-sub-heading ult-responsive\"  data-ultimate-target='.uvc-heading.ultimate-heading-107769f49b8b56258 .uvc-sub-heading '  data-responsive-json-new='{\"font-size\":\"\",\"line-height\":\"\"}'  style=\"font-weight:normal;\"><strong><span style=\"font-family: arial, helvetica, sans-serif;\">Quand la maladie vous freine &#8230; et vous montre un autre chemin\u00a0<\/span><\/strong><\/div><\/div>[\/vc_column][vc_column width=\u00a0\u00bb1\/3&Prime;][vc_hoverbox image=\u00a0\u00bb147&Prime; primary_title=\u00a0\u00bb\u00a0\u00bb hover_title=\u00a0\u00bb\u00a0\u00bb hover_background_color=\u00a0\u00bbcustom\u00a0\u00bb hover_btn_title=\u00a0\u00bbLire l&rsquo;article\u00a0\u00bb hover_btn_color=\u00a0\u00bbwhite\u00a0\u00bb hover_add_button=\u00a0\u00bbtrue\u00a0\u00bb hover_custom_background=\u00a0\u00bb#DFA248&Prime; hover_btn_link=\u00a0\u00bburl:https%3A%2F%2Fkos-avocats.fr%2Fameliecoeurbattantcorpspatient%2Fwp-admin%2Fpost.php%3Fpost%3D199%26action%3Dedit\u00a0\u00bb][\/vc_hoverbox]<div id=\"ultimate-heading-157869f49b8b56270\" class=\"uvc-heading ult-adjust-bottom-margin ultimate-heading-157869f49b8b56270 uvc-7799 \" data-hspacer=\"no_spacer\"  data-halign=\"center\" style=\"text-align:center\"><div class=\"uvc-heading-spacer no_spacer\" style=\"top\"><\/div><div class=\"uvc-sub-heading ult-responsive\"  data-ultimate-target='.uvc-heading.ultimate-heading-157869f49b8b56270 .uvc-sub-heading '  data-responsive-json-new='{\"font-size\":\"\",\"line-height\":\"\"}'  style=\"font-weight:normal;\"><strong><span style=\"font-family: arial, helvetica, sans-serif; font-size: 18px;\">Travailler en musique quand on est malade : un alli\u00e9 insoup\u00e7onn\u00e9 !\u00a0<\/span><\/strong><\/div><\/div>[\/vc_column][vc_column width=\u00a0\u00bb1\/3&Prime;][vc_hoverbox image=\u00a0\u00bb146&Prime; primary_title=\u00a0\u00bb\u00a0\u00bb hover_title=\u00a0\u00bb\u00a0\u00bb hover_background_color=\u00a0\u00bbcustom\u00a0\u00bb hover_btn_title=\u00a0\u00bbLire l&rsquo;article\u00a0\u00bb hover_btn_color=\u00a0\u00bbwhite\u00a0\u00bb hover_add_button=\u00a0\u00bbtrue\u00a0\u00bb hover_custom_background=\u00a0\u00bb#DFA248&Prime; hover_btn_link=\u00a0\u00bburl:https%3A%2F%2Fkos-avocats.fr%2Fameliecoeurbattantcorpspatient%2F2025%2F06%2F06%2Flart-therapie-un-havre-de-paix-face-a-la-maladie-chronique%2F\u00a0\u00bb][\/vc_hoverbox]<div id=\"ultimate-heading-435169f49b8b56286\" class=\"uvc-heading ult-adjust-bottom-margin ultimate-heading-435169f49b8b56286 uvc-1722 \" data-hspacer=\"no_spacer\"  data-halign=\"center\" style=\"text-align:center\"><div class=\"uvc-heading-spacer no_spacer\" style=\"top\"><\/div><div class=\"uvc-sub-heading ult-responsive\"  data-ultimate-target='.uvc-heading.ultimate-heading-435169f49b8b56286 .uvc-sub-heading '  data-responsive-json-new='{\"font-size\":\"\",\"line-height\":\"\"}'  style=\"font-weight:normal;\"><\/p>\n<p class=\"article-header\"><span style=\"font-family: arial, helvetica, sans-serif; font-size: 18px;\"><strong>L&rsquo;art-th\u00e9rapie : un \u00ab\u00a0havre de paix\u00a0\u00bb face \u00e0 la maladie chronique<\/strong><\/span><\/p>\n<p><\/div><\/div>[\/vc_column][\/vc_row][vc_row][vc_column][\/vc_column][\/vc_row]<\/p>\n<\/div>","protected":false},"excerpt":{"rendered":"<p>[vc_row][vc_column width=\u00a0\u00bb1\/3&Prime;][vc_hoverbox image=\u00a0\u00bb323&Prime; primary_title=\u00a0\u00bb\u00a0\u00bb hover_title=\u00a0\u00bb\u00a0\u00bb hover_background_color=\u00a0\u00bbcustom\u00a0\u00bb hover_btn_title=\u00a0\u00bbLire l&rsquo;article\u00a0\u00bb hover_btn_color=\u00a0\u00bbwhite\u00a0\u00bb hover_add_button=\u00a0\u00bbtrue\u00a0\u00bb hover_custom_background=\u00a0\u00bb#DFA248&Prime; hover_btn_link=\u00a0\u00bburl:https%3A%2F%2Fkos-avocats.fr%2Fameliecoeurbattantcorpspatient%2F2025%2F09%2F26%2F%F0%9F%8E%B6-un-mercredi-davril-entre-deux-mondes%2F\u00a0\u00bb][\/vc_hoverbox][vc_empty_space][vc_hoverbox image=\u00a0\u00bb148&Prime; primary_title=\u00a0\u00bb\u00a0\u00bb hover_title=\u00a0\u00bb\u00a0\u00bb hover_background_color=\u00a0\u00bbcustom\u00a0\u00bb hover_btn_title=\u00a0\u00bbLire l&rsquo;article\u00a0\u00bb hover_btn_color=\u00a0\u00bbwhite\u00a0\u00bb hover_add_button=\u00a0\u00bbtrue\u00a0\u00bb hover_custom_background=\u00a0\u00bb#DFA248&Prime; hover_btn_link=\u00a0\u00bburl:https%3A%2F%2Fkos-avocats.fr%2Fameliecoeurbattantcorpspatient%2F2025%2F06%2F06%2Fquand-la-maladie-vous-freine-et-vous-montre-un-autre-chemin%2F\u00a0\u00bb][\/vc_hoverbox][\/vc_column][vc_column width=\u00a0\u00bb1\/3&Prime;][vc_hoverbox image=\u00a0\u00bb147&Prime; primary_title=\u00a0\u00bb\u00a0\u00bb hover_title=\u00a0\u00bb\u00a0\u00bb hover_background_color=\u00a0\u00bbcustom\u00a0\u00bb hover_btn_title=\u00a0\u00bbLire l&rsquo;article\u00a0\u00bb hover_btn_color=\u00a0\u00bbwhite\u00a0\u00bb hover_add_button=\u00a0\u00bbtrue\u00a0\u00bb hover_custom_background=\u00a0\u00bb#DFA248&Prime; hover_btn_link=\u00a0\u00bburl:https%3A%2F%2Fkos-avocats.fr%2Fameliecoeurbattantcorpspatient%2Fwp-admin%2Fpost.php%3Fpost%3D199%26action%3Dedit\u00a0\u00bb][\/vc_hoverbox][\/vc_column][vc_column width=\u00a0\u00bb1\/3&Prime;][vc_hoverbox image=\u00a0\u00bb146&Prime; primary_title=\u00a0\u00bb\u00a0\u00bb hover_title=\u00a0\u00bb\u00a0\u00bb hover_background_color=\u00a0\u00bbcustom\u00a0\u00bb hover_btn_title=\u00a0\u00bbLire l&rsquo;article\u00a0\u00bb hover_btn_color=\u00a0\u00bbwhite\u00a0\u00bb hover_add_button=\u00a0\u00bbtrue\u00a0\u00bb hover_custom_background=\u00a0\u00bb#DFA248&Prime; hover_btn_link=\u00a0\u00bburl:https%3A%2F%2Fkos-avocats.fr%2Fameliecoeurbattantcorpspatient%2F2025%2F06%2F06%2Flart-therapie-un-havre-de-paix-face-a-la-maladie-chronique%2F\u00a0\u00bb][\/vc_hoverbox][\/vc_column][\/vc_row][vc_row][vc_column][\/vc_column][\/vc_row]<\/p>\n","protected":false},"author":4,"featured_media":0,"parent":0,"menu_order":0,"comment_status":"closed","ping_status":"closed","template":"","meta":{"footnotes":""},"class_list":["post-145","page","type-page","status-publish","hentry"],"_links":{"self":[{"href":"https:\/\/kos-avocats.fr\/ameliecoeurbattantcorpspatient\/wp-json\/wp\/v2\/pages\/145","targetHints":{"allow":["GET"]}}],"collection":[{"href":"https:\/\/kos-avocats.fr\/ameliecoeurbattantcorpspatient\/wp-json\/wp\/v2\/pages"}],"about":[{"href":"https:\/\/kos-avocats.fr\/ameliecoeurbattantcorpspatient\/wp-json\/wp\/v2\/types\/page"}],"author":[{"embeddable":true,"href":"https:\/\/kos-avocats.fr\/ameliecoeurbattantcorpspatient\/wp-json\/wp\/v2\/users\/4"}],"replies":[{"embeddable":true,"href":"https:\/\/kos-avocats.fr\/ameliecoeurbattantcorpspatient\/wp-json\/wp\/v2\/comments?post=145"}],"version-history":[{"count":6,"href":"https:\/\/kos-avocats.fr\/ameliecoeurbattantcorpspatient\/wp-json\/wp\/v2\/pages\/145\/revisions"}],"predecessor-version":[{"id":326,"href":"https:\/\/kos-avocats.fr\/ameliecoeurbattantcorpspatient\/wp-json\/wp\/v2\/pages\/145\/revisions\/326"}],"wp:attachment":[{"href":"https:\/\/kos-avocats.fr\/ameliecoeurbattantcorpspatient\/wp-json\/wp\/v2\/media?parent=145"}],"curies":[{"name":"wp","href":"https:\/\/api.w.org\/{rel}","templated":true}]}}

Art-thérapie

<div class="wpb-content-wrapper"><p>[vc_row][vc_column width= »1/3&Prime;][vc_hoverbox image= »323&Prime; primary_title= » » hover_title= » » hover_background_color= »custom » hover_btn_title= »Lire l&rsquo;article » hover_btn_color= »white » hover_add_button= »true » hover_custom_background= »#DFA248&Prime; hover_btn_link= »url:https%3A%2F%2Fkos-avocats.fr%2Fameliecoeurbattantcorpspatient%2F2025%2F09%2F26%2F%F0%9F%8E%B6-un-mercredi-davril-entre-deux-mondes%2F »][/vc_hoverbox]<div id="ultimate-heading-689769f49b8b56228" class="uvc-heading ult-adjust-bottom-margin ultimate-heading-689769f49b8b56228 uvc-1674 " data-hspacer="no_spacer"  data-halign="center" style="text-align:center"><div class="uvc-heading-spacer no_spacer" style="top"></div><div class="uvc-sub-heading ult-responsive"  data-ultimate-target='.uvc-heading.ultimate-heading-689769f49b8b56228 .uvc-sub-heading '  data-responsive-json-new='{"font-size":"","line-height":""}'  style="font-weight:normal;"><span style="font-size: 18px;"><strong><span style="font-family: arial, helvetica, sans-serif;">Un mercredi d&rsquo;avril entre deux mondes&#8230;</span></strong></span></div></div>[vc_empty_space][vc_hoverbox image= »148&Prime; primary_title= » » hover_title= » » hover_background_color= »custom » hover_btn_title= »Lire l&rsquo;article » hover_btn_color= »white » hover_add_button= »true » hover_custom_background= »#DFA248&Prime; hover_btn_link= »url:https%3A%2F%2Fkos-avocats.fr%2Fameliecoeurbattantcorpspatient%2F2025%2F06%2F06%2Fquand-la-maladie-vous-freine-et-vous-montre-un-autre-chemin%2F »][/vc_hoverbox]<div id="ultimate-heading-107769f49b8b56258" class="uvc-heading ult-adjust-bottom-margin ultimate-heading-107769f49b8b56258 uvc-7453 " data-hspacer="no_spacer"  data-halign="center" style="text-align:center"><div class="uvc-heading-spacer no_spacer" style="top"></div><div class="uvc-sub-heading ult-responsive"  data-ultimate-target='.uvc-heading.ultimate-heading-107769f49b8b56258 .uvc-sub-heading '  data-responsive-json-new='{"font-size":"","line-height":""}'  style="font-weight:normal;"><strong><span style="font-family: arial, helvetica, sans-serif;">Quand la maladie vous freine &#8230; et vous montre un autre chemin </span></strong></div></div>[/vc_column][vc_column width= »1/3&Prime;][vc_hoverbox image= »147&Prime; primary_title= » » hover_title= » » hover_background_color= »custom » hover_btn_title= »Lire l&rsquo;article » hover_btn_color= »white » hover_add_button= »true » hover_custom_background= »#DFA248&Prime; hover_btn_link= »url:https%3A%2F%2Fkos-avocats.fr%2Fameliecoeurbattantcorpspatient%2Fwp-admin%2Fpost.php%3Fpost%3D199%26action%3Dedit »][/vc_hoverbox]<div id="ultimate-heading-157869f49b8b56270" class="uvc-heading ult-adjust-bottom-margin ultimate-heading-157869f49b8b56270 uvc-7799 " data-hspacer="no_spacer"  data-halign="center" style="text-align:center"><div class="uvc-heading-spacer no_spacer" style="top"></div><div class="uvc-sub-heading ult-responsive"  data-ultimate-target='.uvc-heading.ultimate-heading-157869f49b8b56270 .uvc-sub-heading '  data-responsive-json-new='{"font-size":"","line-height":""}'  style="font-weight:normal;"><strong><span style="font-family: arial, helvetica, sans-serif; font-size: 18px;">Travailler en musique quand on est malade : un allié insoupçonné ! </span></strong></div></div>[/vc_column][vc_column width= »1/3&Prime;][vc_hoverbox image= »146&Prime; primary_title= » » hover_title= » » hover_background_color= »custom » hover_btn_title= »Lire l&rsquo;article » hover_btn_color= »white » hover_add_button= »true » hover_custom_background= »#DFA248&Prime; hover_btn_link= »url:https%3A%2F%2Fkos-avocats.fr%2Fameliecoeurbattantcorpspatient%2F2025%2F06%2F06%2Flart-therapie-un-havre-de-paix-face-a-la-maladie-chronique%2F »][/vc_hoverbox]<div id="ultimate-heading-435169f49b8b56286" class="uvc-heading ult-adjust-bottom-margin ultimate-heading-435169f49b8b56286 uvc-1722 " data-hspacer="no_spacer"  data-halign="center" style="text-align:center"><div class="uvc-heading-spacer no_spacer" style="top"></div><div class="uvc-sub-heading ult-responsive"  data-ultimate-target='.uvc-heading.ultimate-heading-435169f49b8b56286 .uvc-sub-heading '  data-responsive-json-new='{"font-size":"","line-height":""}'  style="font-weight:normal;"></p>
<p class="article-header"><span style="font-family: arial, helvetica, sans-serif; font-size: 18px;"><strong>L&rsquo;art-thérapie : un « havre de paix » face à la maladie chronique</strong></span></p>
<p></div></div>[/vc_column][/vc_row][vc_row][vc_column][/vc_column][/vc_row]</p>
</div>
