{"id":166,"date":"2025-06-06T14:12:07","date_gmt":"2025-06-06T12:12:07","guid":{"rendered":"https:\/\/kos-avocats.fr\/ameliecoeurbattantcorpspatient\/?page_id=166"},"modified":"2025-06-06T15:26:41","modified_gmt":"2025-06-06T13:26:41","slug":"cuisine","status":"publish","type":"page","link":"https:\/\/kos-avocats.fr\/ameliecoeurbattantcorpspatient\/cuisine\/","title":{"rendered":"Cuisine"},"content":{"rendered":"<div class=\"wpb-content-wrapper\"><p>[vc_row][vc_column width=\u00a0\u00bb1\/3&Prime;][vc_hoverbox image=\u00a0\u00bb167&Prime; primary_title=\u00a0\u00bb\u00a0\u00bb hover_title=\u00a0\u00bb\u00a0\u00bb hover_background_color=\u00a0\u00bbcustom\u00a0\u00bb hover_btn_title=\u00a0\u00bbLire l&rsquo;article\u00a0\u00bb hover_btn_color=\u00a0\u00bbwhite\u00a0\u00bb hover_add_button=\u00a0\u00bbtrue\u00a0\u00bb hover_custom_background=\u00a0\u00bb#D8A14E\u00a0\u00bb hover_btn_link=\u00a0\u00bburl:https%3A%2F%2Fkos-avocats.fr%2Fameliecoeurbattantcorpspatient%2F2025%2F06%2F06%2Fmanger-en-couleurs-un-allie-contre-les-carences-quand-la-maladie-altere-lappetit%2F\u00a0\u00bb][\/vc_hoverbox]<div id=\"ultimate-heading-887569f49c4b2a610\" class=\"uvc-heading ult-adjust-bottom-margin ultimate-heading-887569f49c4b2a610 uvc-1106 \" data-hspacer=\"no_spacer\"  data-halign=\"center\" style=\"text-align:center\"><div class=\"uvc-heading-spacer no_spacer\" style=\"top\"><\/div><div class=\"uvc-sub-heading ult-responsive\"  data-ultimate-target='.uvc-heading.ultimate-heading-887569f49c4b2a610 .uvc-sub-heading '  data-responsive-json-new='{\"font-size\":\"\",\"line-height\":\"\"}'  style=\"font-weight:normal;\"><strong><span style=\"font-family: arial, helvetica, sans-serif;font-size: 18px\">Manger en couleurs : un alli\u00e9 contre les carences quand la maladie alt\u00e8re l&rsquo;app\u00e9tit<\/span><\/strong><\/div><\/div>[\/vc_column][vc_column width=\u00a0\u00bb1\/3&Prime;][\/vc_column][vc_column width=\u00a0\u00bb1\/3&Prime;][\/vc_column][\/vc_row]<\/p>\n<\/div>","protected":false},"excerpt":{"rendered":"<p>[vc_row][vc_column width=\u00a0\u00bb1\/3&Prime;][vc_hoverbox image=\u00a0\u00bb167&Prime; primary_title=\u00a0\u00bb\u00a0\u00bb hover_title=\u00a0\u00bb\u00a0\u00bb hover_background_color=\u00a0\u00bbcustom\u00a0\u00bb hover_btn_title=\u00a0\u00bbLire l&rsquo;article\u00a0\u00bb hover_btn_color=\u00a0\u00bbwhite\u00a0\u00bb hover_add_button=\u00a0\u00bbtrue\u00a0\u00bb hover_custom_background=\u00a0\u00bb#D8A14E\u00a0\u00bb hover_btn_link=\u00a0\u00bburl:https%3A%2F%2Fkos-avocats.fr%2Fameliecoeurbattantcorpspatient%2F2025%2F06%2F06%2Fmanger-en-couleurs-un-allie-contre-les-carences-quand-la-maladie-altere-lappetit%2F\u00a0\u00bb][\/vc_hoverbox][\/vc_column][vc_column width=\u00a0\u00bb1\/3&Prime;][\/vc_column][vc_column width=\u00a0\u00bb1\/3&Prime;][\/vc_column][\/vc_row]<\/p>\n","protected":false},"author":2,"featured_media":0,"parent":0,"menu_order":0,"comment_status":"closed","ping_status":"closed","template":"","meta":{"footnotes":""},"class_list":["post-166","page","type-page","status-publish","hentry"],"_links":{"self":[{"href":"https:\/\/kos-avocats.fr\/ameliecoeurbattantcorpspatient\/wp-json\/wp\/v2\/pages\/166","targetHints":{"allow":["GET"]}}],"collection":[{"href":"https:\/\/kos-avocats.fr\/ameliecoeurbattantcorpspatient\/wp-json\/wp\/v2\/pages"}],"about":[{"href":"https:\/\/kos-avocats.fr\/ameliecoeurbattantcorpspatient\/wp-json\/wp\/v2\/types\/page"}],"author":[{"embeddable":true,"href":"https:\/\/kos-avocats.fr\/ameliecoeurbattantcorpspatient\/wp-json\/wp\/v2\/users\/2"}],"replies":[{"embeddable":true,"href":"https:\/\/kos-avocats.fr\/ameliecoeurbattantcorpspatient\/wp-json\/wp\/v2\/comments?post=166"}],"version-history":[{"count":4,"href":"https:\/\/kos-avocats.fr\/ameliecoeurbattantcorpspatient\/wp-json\/wp\/v2\/pages\/166\/revisions"}],"predecessor-version":[{"id":232,"href":"https:\/\/kos-avocats.fr\/ameliecoeurbattantcorpspatient\/wp-json\/wp\/v2\/pages\/166\/revisions\/232"}],"wp:attachment":[{"href":"https:\/\/kos-avocats.fr\/ameliecoeurbattantcorpspatient\/wp-json\/wp\/v2\/media?parent=166"}],"curies":[{"name":"wp","href":"https:\/\/api.w.org\/{rel}","templated":true}]}}

<div class="wpb-content-wrapper"><p>[vc_row][vc_column width= »1/3&Prime;][vc_hoverbox image= »167&Prime; primary_title= » » hover_title= » » hover_background_color= »custom » hover_btn_title= »Lire l&rsquo;article » hover_btn_color= »white » hover_add_button= »true » hover_custom_background= »#D8A14E » hover_btn_link= »url:https%3A%2F%2Fkos-avocats.fr%2Fameliecoeurbattantcorpspatient%2F2025%2F06%2F06%2Fmanger-en-couleurs-un-allie-contre-les-carences-quand-la-maladie-altere-lappetit%2F »][/vc_hoverbox]<div id="ultimate-heading-887569f49c4b2a610" class="uvc-heading ult-adjust-bottom-margin ultimate-heading-887569f49c4b2a610 uvc-1106 " data-hspacer="no_spacer"  data-halign="center" style="text-align:center"><div class="uvc-heading-spacer no_spacer" style="top"></div><div class="uvc-sub-heading ult-responsive"  data-ultimate-target='.uvc-heading.ultimate-heading-887569f49c4b2a610 .uvc-sub-heading '  data-responsive-json-new='{"font-size":"","line-height":""}'  style="font-weight:normal;"><strong><span style="font-family: arial, helvetica, sans-serif;font-size: 18px">Manger en couleurs : un allié contre les carences quand la maladie altère l&rsquo;appétit</span></strong></div></div>[/vc_column][vc_column width= »1/3&Prime;][/vc_column][vc_column width= »1/3&Prime;][/vc_column][/vc_row]</p>
</div>
